55268?
True
Is 268782454 a multiple of 190?
False
Is 220549382 a multiple of 545?
False
Is 1779868165 a multiple of 6805?
True
Is 154226160 a multiple of 396?
True
Does 444 divide 4049005807?
False
Is 35 a factor of 5568395?
True
Is 990417340 a multiple of 44?
True
Is 1983223872 a multiple of 6048?
True
Does 98 divide 19305649?
False
Is 674112951 a multiple of 3482?
False
Does 53 divide 48880151?
True
Does 3 divide 68427846?
True
Does 399 divide 1436745308?
False
Is 139088176 a multiple of 29?
True
Is 7 a factor of 1069611122?
False
Is 597852848 a multiple of 321?
False
Does 86 divide 10978198?
False
Does 8 divide 45069848?
True
Does 1492 divide 179147241?
False
Is 221 a factor of 1446248531?
True
Is 139 a factor of 120090718?
True
Is 741 a factor of 30752655?
False
Is 113 a factor of 1896297522?
True
Is 875933664 a multiple of 4362?
False
Does 35 divide 60139055?
False
Does 199 divide 95452340?
True
Is 12963396 a multiple of 11?
False
Is 1278408 a multiple of 24?
True
Does 21 divide 65080910?
False
Is 140377510 a multiple of 1235?
True
Is 16 a factor of 42449456?
True
Is 394815960 a multiple of 35?
True
Is 431897856 a multiple of 1164?
False
Is 209644576 a multiple of 32?
True
Does 7 divide 315895594?
True
Is 799 a factor of 47792984?
True
Does 37 divide 59713620?
False
Is 31549302 a multiple of 326?
True
Does 5071 divide 755254456?
True
Is 24 a factor of 203241360?
True
Is 50697703 a multiple of 4?
False
Does 166 divide 14175?
False
Is 5475983 a multiple of 66?
False
Is 190 a factor of 3650090?
True
Does 85 divide 53907595?
True
Is 15 a factor of 1075390380?
True
Is 1170 a factor of 152632350?
True
Does 1522 divide 132368340?
True
Is 184901357 a multiple of 1255?
False
Does 62 divide 42357842?
True
Is 22777400 a multiple of 100?
True
Is 78 a factor of 4650105330?
True
Does 366 divide 94299219?
False
Does 21 divide 24783969?
True
Is 934170996 a multiple of 33?
True
Does 61 divide 129497815?
True
Is 443269926 a multiple of 4159?
False
Does 11 divide 144710135?
False
Is 47619047 a multiple of 7?
True
Is 37461120 a multiple of 32?
True
Does 204 divide 1488237976?
False
Is 538268993 a multiple of 392?
False
Does 19 divide 85180?
False
Is 4664226070 a multiple of 96?
False
Is 162772979 a multiple of 18?
False
Does 3742 divide 185367454?
True
Is 311114213 a multiple of 13?
False
Is 2473 a factor of 912104225?
True
Is 2260781767 a multiple of 55?
False
Does 37 divide 773534525?
False
Is 939 a factor of 183412010?
False
Does 4476 divide 1938515316?
True
Is 170799797 a multiple of 470?
False
Is 825370054 a multiple of 131?
False
Is 30078076 a multiple of 3?
False
Does 25 divide 38523625?
True
Is 95854464 a multiple of 6?
True
Is 63 a factor of 307509111?
True
Is 29 a factor of 2929736?
False
Is 40 a factor of 37576929?
False
Is 126 a factor of 1007936342?
False
Does 272 divide 14507120?
True
Is 13316380 a multiple of 55?
True
Does 13 divide 83992382?
False
Is 835384904 a multiple of 45?
False
Is 9682145 a multiple of 18?
False
Is 142 a factor of 249610740?
False
Does 46 divide 126930100?
True
Does 561 divide 2549178951?
True
Does 181 divide 287416742?
False
Is 363437610 a multiple of 22?
False
Is 24477382 a multiple of 554?
True
Is 131140243 a multiple of 31?
False
Is 2133618 a multiple of 69?
True
Does 18 divide 602982072?
True
Does 637 divide 157667692?
True
Does 61 divide 2430815508?
False
Does 118 divide 4092381600?
True
Is 97405725 even?
False
Is 16 a factor of 93802630?
False
Is 464 a factor of 130429472?
True
Is 30061772 a multiple of 13?
True
Is 164 a factor of 22613494?
False
Is 494510585 a multiple of 896?
False
Is 51120780 a multiple of 429?
False
Is 6 a factor of 36534018?
True
Does 621 divide 85842693?
True
Is 23116981 a multiple of 78?
False
Is 11595814 a multiple of 45?
False
Is 38 a factor of 355450301?
False
Is 46383610 a multiple of 182?
True
Does 1090 divide 262754054?
False
Is 881274046 a multiple of 336?
False
Does 283 divide 173009078?
False
Is 6395725 a multiple of 5?
True
Is 49177430 a multiple of 443?
True
Does 2321 divide 21109495?
True
Does 977 divide 728019366?
True
Is 4843561 a multiple of 2?
False
Is 95 a factor of 975725050?
True
Is 108475370 a multiple of 290?
True
Is 42 a factor of 2848160394?
False
Is 126360658 a multiple of 433?
True
Is 36 a factor of 15274908?
True
Is 19 a factor of 37552404?
False
Is 556 a factor of 203808472?
True
Is 37486386 a multiple of 63?
True
Does 10 divide 149616466?
False
Is 31102269 a multiple of 11?
True
Is 6 a factor of 8007144?
True
Is 934 a factor of 45607220?
True
Is 313936176 a multiple of 417?
False
Is 767 a factor of 9034493?
True
Does 346 divide 1936085904?
True
Does 278 divide 6097?
False
Does 93 divide 1628033828?
False
Is 866 a factor of 11900572?
True
Is 112481853 a multiple of 21?
False
Is 11371872 a multiple of 32?
True
Does 60 divide 6913646?
False
Is 3604446 a multiple of 4?
False
Is 1443 a factor of 893104207?
False
Is 11 a factor of 36027927?
False
Is 1369 a factor of 85459825?
True
Is 159 a factor of 516335923?
False
Does 885 divide 1718410695?
True
Is 32 a factor of 4581710?
False
Does 897 divide 87243117?
True
Is 66726196 a multiple of 200?
False
Does 667 divide 31688503?
True
Does 57 divide 8400115?
False
Does 87 divide 780912?
True
Does 1060 divide 3375378140?
True
Is 8 a factor of 160557832?
True
Is 6 a factor of 447453013?
False
Does 30 divide 4032646?
False
Is 31765918 a multiple of 974?
False
Is 375378374 a multiple of 45?
False
Is 9123 a factor of 217090857?
False
Is 115 a factor of 207384444?
False
Does 1235 divide 2500200651?
False
Is 165927814 a multiple of 4951?
True
Does 4 divide 18668576?
True
Is 650 a factor of 24681756?
False
Is 178961079 a multiple of 5?
False
Does 31 divide 3436174?
False
Does 36 divide 269048376?
True
Is 1210007209 a multiple of 9?
False
Is 39081423 a multiple of 15?
False
Is 216 a factor of 2746406815?
False
Is 1037583293 a multiple of 114?
False
Does 54 divide 8282844?
True
Is 29 a factor of 203178832?
False
Is 33 a factor of 7337688?
False
Is 5830728 a multiple of 12?
True
Does 133 divide 2330893495?
True
Is 376 a factor of 9478598?
False
Is 469324141 a multiple of 6?
False
Does 8 divide 27655793?
False
Does 86 divide 21675287?
False
Does 3982 divide 23130036?
False
Does 408 divide 33491246?
False
Is 474432 a multiple of 6?
True
Is 745245727 a multiple of 88?
False
Is 599 a factor of 24924989?
True
Does 15 divide 145656994?
False
Is 3728767996 a multiple of 34?
False
Is 20 a factor of 42373373?
False
Is 160715403 a multiple of 85?
False
Does 69 divide 285729653?
False
Is 17 a factor of 78426336?
False
Is 3668666843 a multiple of 55?
False
Is 160 a factor of 3462295520?
True
Is 7 a factor of 41704747?
True
Is 24 a factor of 67414920?
True
Is 515 a factor of 217656510?
True
Is 502 a factor of 2353041070?
False
Is 547125149 a multiple of 67?
True
Does 36 divide 33483261?
False
Does 180 divide 82039680?
True
Is 71611697 a multiple of 266?
False
Is 146134080 a multiple of 24?
True
Is 24 a factor of 48092471?
False
Is 867 a factor of 21832040?
False
Does 8 divide 12866208?
True
Does 9 divide 71235535?
False
Is 51 a factor of 3469938?
True
Is 331661109 a multiple of 39?
True
Does 18 divide 8309124?
True
Is 71467549 a multiple of 47?
False
Does 198 divide 27449503?
False
Does 25 divide 32234698?
False
Does 18 divide 6843743550?
True
Does 3468 divide 49928796?
True
Does 78 divide 15957708?
True
Is 36615669 a multiple of 204?
False
Does 195 divide 20483970?
True
Is 356 a factor of 407642014?
False
Is 1066 a factor of 34970927?
False
Does 281 divide 10003319?
True
Does 2846 divide 355612914?
False
Is 631 a factor of 11642967?
False
Is 62 a factor of 83736146?
True
Is 24880265 a multiple of 85?
True
Does 703 divide 86489303?
False
Is 775 a factor of 373405850?
True
Is 103192640 a multiple of 16?
True
Is 29394186 a multiple of 1203?
False
Does 689 divide 693698291?
True
Is 1624902557 a multiple of 48?
False
Does 14 divide 3302495235?
False
Does 34 divide 109929480?
True
Is 32344880 a multiple of 170?
True
Is 12 a factor of 32934168?
True
Is 58670404 a multiple of 355?
False
Does 72 divide 436054392?
True
Is 378271423 a multiple of 2979?
False
Is 15047775 a multiple of 45?
True
Is 72 a factor of 8714705?
False
Is 1542 a factor of 23725789